alculate the highest common factor of 1088737640 and 8600.
1720
Calculate the highest common factor of 5803 and 1365476.
7
What is the highest common factor of 176880318 and 2?
2
Calculate the greatest common factor of 14749 and 13631.
43
What is the highest common factor of 139126778 and 266?
266
What is the greatest common divisor of 6784 and 153170?
106
Calculate the greatest common factor of 58900 and 3901536.
2356
Calculate the greatest common divisor of 10638969 and 261.
87
What is the greatest common divisor of 6592 and 2468?
4
Calculate the highest common divisor of 20358 and 276921.
261
What is the greatest common factor of 16387 and 63?
7
Calculate the highest common factor of 952 and 59678704.
136
Calculate the highest common factor of 51 and 17211259.
17
What is the highest common divisor of 7088 and 890873?
443
What is the highest common factor of 181575 and 110700?
675
Calculate the highest common divisor of 161704 and 52258.
986
What is the highest common factor of 28771616 and 816?
272
Calculate the greatest common divisor of 161446182 and 8796.
4398
Calculate the greatest common divisor of 788101939 and 5387.
5387
What is the highest common divisor of 204078 and 10729446?
1806
Calculate the highest common factor of 385895 and 2718340.
3415
What is the highest common factor of 43394216 and 3983?
569
Calculate the highest common divisor of 56000 and 105483200.
1600
What is the highest common factor of 4276423336 and 7048?
7048
What is the greatest common divisor of 23770142 and 462?
22
What is the highest common divisor of 25875 and 1151058?
69
Calculate the highest common factor of 137098 and 19968.
26
Calculate the greatest common divisor of 2988 and 6628131.
747
What is the greatest common factor of 61678932 and 924?
84
Calculate the greatest common factor of 87723 and 121500.
243
Calculate the greatest common factor of 730902 and 27.
3
What is the highest common factor of 13046327 and 6069?
2023
What is the highest common divisor of 105 and 66347925?
105
Calculate the highest common divisor of 418 and 562120.
2
What is the highest common divisor of 14860 and 640?
20
Calculate the highest common divisor of 364 and 70446922.
182
What is the greatest common factor of 4398583 and 49?
49
What is the greatest common divisor of 103791 and 448311?
87
What is the greatest common factor of 2561562 and 18?
18
What is the highest common factor of 387 and 6354798?
129
What is the highest common factor of 13126764 and 4092?
372
What is the highest common divisor of 11130 and 212560?
10
What is the highest common divisor of 174803640 and 480?
120
What is the greatest common factor of 78961 and 57886?
281
Calculate the highest common factor of 35667 and 1016847.
27
Calculate the highest common factor of 400233 and 5167053.
4497
What is the greatest common factor of 4020210 and 936?
18
What is the greatest common factor of 633750222 and 84?
42
Calculate the greatest common divisor of 148028836 and 36.
4
What is the highest common factor of 1362873 and 63?
3
Calculate the greatest common divisor of 179443647 and 54.
27
Calculate the highest common divisor of 1378 and 6039986.
106
Calculate the highest common divisor of 2574 and 896935.
13
What is the greatest common divisor of 146688 and 331008?
768
What is the greatest common divisor of 1344 and 25098304?
448
What is the highest common divisor of 84708266 and 2876?
1438
Calculate the greatest common factor of 1632 and 2018336.
32
Calculate the highest common factor of 686 and 5663294.
14
What is the greatest common divisor of 190 and 27116420?
190
What is the highest common divisor of 173280 and 16080?
240
What is the greatest common factor of 15 and 3220336785?
15
What is the greatest common factor of 2460 and 183504?
12
What is the greatest common factor of 157739 and 389?
1
Calculate the highest common divisor of 310681 and 69.
1
Calculate the highest common factor of 32 and 29128512.
32
Calculate the highest common divisor of 3611376 and 1296.
144
Calculate the highest common divisor of 57387 and 1378620.
111
What is the highest common divisor of 37958221 and 182?
7
What is the highest common factor of 3123 and 200610?
9
Calculate the highest common divisor of 13490 and 528675.
95
Calculate the highest common factor of 88408958 and 66.
22
What is the greatest common factor of 2768730 and 388680?
1230
What is the highest common factor of 301798 and 322?
14
Calculate the highest common divisor of 251261455 and 6685.
955
What is the greatest common divisor of 148948 and 1380?
92
Calculate the greatest common factor of 16187774 and 102.
34
What is the highest common divisor of 84 and 9955884?
12
What is the greatest common divisor of 36684 and 639342?
18
What is the greatest common divisor of 708385204 and 13242?
4414
What is the highest common divisor of 1742 and 705384576?
1742
What is the greatest common divisor of 1456160 and 9595?
95
Calculate the highest common divisor of 204226 and 113366.
22
Calculate the greatest common factor of 27311571 and 252.
63
Calculate the highest common factor of 20210043 and 75852.
903
What is the highest common factor of 176319 and 1150578?
1287
Calculate the highest common divisor of 1965 and 61684625.
655
What is the highest common divisor of 285475748 and 18736?
4684
What is the greatest common divisor of 1557133 and 14188?
3547
What is the greatest common factor of 473 and 375519?
43
Calculate the greatest common factor of 5502 and 2111982.
786
What is the greatest common factor of 1389205 and 436?
109
Calculate the greatest common factor of 231517804 and 56.
28
What is the greatest common divisor of 61056 and 35712?
1152
What is the greatest common divisor of 28834 and 715?
13
Calculate the greatest common divisor of 2966 and 31940854.
2966
What is the highest common factor of 274995 and 398961?
873
Calculate the highest common factor of 9525491 and 1003.
1003
Calculate the highest common divisor of 256681 and 426481.
283
What is the highest common divisor of 26879872 and 16832?
64
Calculate the greatest common divisor of 50292 and 7788.
132
Calculate the greatest common factor of 228 and 451406294.
38
Calculate the greatest common divisor of 1991781 and 299739.
1023
Calculate the highest common factor of 35205490 and 610.
10
Calculate the highest common factor of 1340 and 3464905.
335
What is the greatest common factor of 19 and 25966331?
19
What is the greatest common divisor of 347730 and 93934?
134
Calculate the greatest common factor of 60350581 and 734.
367
What is the highest common divisor of 9189 and 57600?
9
What is the greatest common factor of 5519939 and 4976?
311
What is the greatest common factor of 6754 and 65791?
11
Calculate the greatest common divisor of 2 and 515974.
2
What is the greatest common divisor of 1480225274 and 566?
566
What is the highest common factor of 21766479 and 21?
21
What is the greatest common divisor of 39211 and 1385918?
347
What is the highest common factor of 624 and 6870032?
208
What is the highest common divisor of 2023367 and 316863?
2071
What is the greatest common divisor of 1548 and 157032?
36
What is the greatest common factor of 6673030 and 845?
65
Calculate the greatest common factor of 21144057 and 11.
11
Calculate the highest common factor of 1375 and 126735125.
1375
Calculate the highest common divisor of 69245566 and 172.
86
What is the highest common factor of 681109 and 47197?
433
Calculate the greatest common factor of 45928997 and 3578.
1789
Calculate the highest common factor of 589432 and 984.
8
Calculate the highest common factor of 6550 and 4532338.
262
What is the greatest common factor of 26234 and 80314?
26
What is the highest common divisor of 10350 and 88947486?
414
Calculate the greatest common factor of 5020 and 10302044.
1004
Calculate the greatest common divisor of 128524 and 331089.
1397
Calculate the greatest common divisor of 290457719 and 7558.
3779
What is the greatest common factor of 1526 and 6996108?
14
Calculate the greatest common divisor of 100879476 and 41676.
1812
Calculate the greatest common factor of 13309064 and 2763.
307
Calculate the greatest common divisor of 120525520 and 340.
20
Calculate the highest common divisor of 840290 and 385.
55
Calculate the